{"id":231,"date":"2022-11-13T23:31:01","date_gmt":"2022-11-13T23:31:01","guid":{"rendered":"https:\/\/nsdap.world\/?page_id=231"},"modified":"2022-12-04T02:05:21","modified_gmt":"2022-12-04T01:05:21","slug":"231-2","status":"publish","type":"page","link":"https:\/\/nsdap.world\/index.php\/231-2\/","title":{"rendered":"Adolf Hitler"},"content":{"rendered":"\n<p>Adolf Hitler nasce a Braunau, in Austria, nel 1889. La madre \u00e8 una casalinga ed il padre un austero doganiere austriaco. Adolf rimane presto orfano e a 17 anni va a Vienna nel tentativo di intraprendere studi di pittura, ma non viene ammesso all\u2019Accademia di Belle Arti. Trascorre un periodo di stenti e decide di trasferirsi a Monaco, dove trova occupazioni saltuarie che gli permettono di comunque di mantenersi. A 24 anni, Adolf Hitler si arruola nell\u2019esercito bavarese, \u00e8 l\u2019ottobre del 1916. In battaglia, sulla Somme, viene ferito, ma si rimette dopo una discreta degenza. Due anni dopo \u00e8 colpito dai gas della zona delle Fiandre e al momento dell\u2019armistizio si trova ancora in un ospedale militare. Dimesso poco dopo, rimane presso il suo reggimento e durante i disordini del dopoguerra riesce a farsi notare per la sua eloquenza e la decisa avversione ai soviet militari. Per un breve periodo ricopre l\u2019incarico di propagandista per la repressione del bolscevismo ed entra a far parte del comitato direttivo del Partito dei Lavoratori Tedeschi.<\/p>\n\n\n\n<div class=\"wp-block-image\"><figure class=\"alignleft size-full\"><img loading=\"lazy\" decoding=\"async\" width=\"400\" height=\"396\" src=\"https:\/\/nsdap.world\/wp-content\/uploads\/2022\/11\/Hitler-Odeon-Closeup.jpg\" alt=\"\" class=\"wp-image-234\" srcset=\"https:\/\/nsdap.world\/wp-content\/uploads\/2022\/11\/Hitler-Odeon-Closeup.jpg 400w, https:\/\/nsdap.world\/wp-content\/uploads\/2022\/11\/Hitler-Odeon-Closeup-300x297.jpg 300w, https:\/\/nsdap.world\/wp-content\/uploads\/2022\/11\/Hitler-Odeon-Closeup-150x150.jpg 150w\" sizes=\"auto, (max-width: 400px) 100vw, 400px\" \/><\/figure><\/div>\n\n\n\n<p>A Monaco, febbraio 1920 organizza una riunione alla birreria Hofbr\u00e4uhaus ed espone il suo programma politico. L\u2019anno seguente elimina il suo protettore. Hitler diventa presidente del Partito Nazionalsocialista Tedesco dei Lavoratori e, lo indirizza verso la promozione di un deciso nazionalismo. Guadagna la stima di Ludendorff, che \u00e8 alla testa delle riforme, e ottiene la direzione delle associazioni combattentistiche. Nel 1923 tenta di scalzare il governo bavarese di Carlo, ma le autorit\u00e0 fanno sparare sui rivoltosi e ci sono 18 morti. Lo stesso Hitler, ferito, viene arrestato e condannato a cinque anni per alto tradimento. In carcere egli detta a un suo compagno, Rudolf Hess. Gli elementi di Mein Kampf, che verranno a determinare le reali fondamenta del suo indirizzo politico. Uscito di prigionia appena dopo un anno, crea le SS sezioni di sicurezza affiancato da Himmler, G\u00f6ring, Hess e riprende la scalata al potere. Le SS erano essenzialmente un un\u2019organizzazione paramilitare del Partito Nazionalsocialista Tedesco (NSDAP) che svolgeva operazioni di scorta, protezione ed intelligence. Il nome completo era Schutzstaffel o SS, letteralmente dunque \u00absquadre di protezione\u00bb o \u00absquadre di salvaguardia\u00bb. Le SS cominciarono ad operare presto in tutta l\u2019Europa occupata dai tedeschi.<\/p>\n\n\n\n<p><\/p>\n\n\n\n<p><br>Il nucleo dell\u2019organizzazione nacque a Monaco con il nome di Saal-Schutz, ed era composta da volontari del NSDAP utilizzato come servizio di sicurezza durante le riunioni di partito a Monaco. Nel 1925, Heinrich Himmler si un\u00ec all\u2019unit\u00e0, che nel frattempo era stata riformata e aveva assunto il suo nome definitivo. Sotto la sua direzione (1929-45) crebbe da una piccola formazione paramilitare a una delle organizzazioni pi\u00f9 potenti della Germania nazista. Dal 1929 fino al crollo del regime nel 1945, le SS furono la principale organizzazione di sicurezza, sorveglianza e controllo all\u2019interno della Germania e dell\u2019Europa occupata.<\/p>\n\n\n\n<p><\/p>\n\n\n\n<div class=\"wp-block-image\"><figure class=\"alignleft size-medium is-resized\"><img loading=\"lazy\" decoding=\"async\" src=\"https:\/\/nsdap.world\/wp-content\/uploads\/2022\/11\/Hofbrauhaus-Birreria-Hitler-300x200.jpg\" alt=\"\" class=\"wp-image-238\" width=\"398\" height=\"266\" srcset=\"https:\/\/nsdap.world\/wp-content\/uploads\/2022\/11\/Hofbrauhaus-Birreria-Hitler-300x200.jpg 300w, https:\/\/nsdap.world\/wp-content\/uploads\/2022\/11\/Hofbrauhaus-Birreria-Hitler-630x420.jpg 630w, https:\/\/nsdap.world\/wp-content\/uploads\/2022\/11\/Hofbrauhaus-Birreria-Hitler.jpg 669w\" sizes=\"auto, (max-width: 398px) 100vw, 398px\" \/><figcaption>La Birreria Hofbr\u00e4uhaus<\/figcaption><\/figure><\/div>\n\n\n\n<p><\/p>\n\n\n\n<p>Nel 1928 il terremoto finanziario di Wall Street fa entrare in crisi l\u2019economia mondiale. In Germania si tengono le elezioni politiche e il partito nazista di Hitler ottiene circa 2 milioni di voti. Hindenburg, richiamato dall\u2019esilio, \u00e8 Presidente del Reich e nel 1931 offre a Hitler di partecipare al governo di Br\u00fcning, ma Hitler nel gennaio 1932 rifiuta il cancellierato. Nell\u2019Aprile dello stesso anno si presenta per\u00f2 alle elezioni presidenziali. Si getta decisamente in una campagna propagandistica intensa e capillare. Riesce a ottenere circa 13 milioni di voti, che per\u00f2 non sono sufficienti per la sua nomina. Inizia allora una manovra politica col nuovo cancelliere Von Papen che gli garantisce legittimamente la presidenza del Reich. Ma la sua posizione \u00e8 consolidata solo il 30 giugno 1934, quando nella Notte dei Lunghi Coltelli fa eliminare coloro che lo ostacolano. Poco dopo anche il vecchio Hindenburg muore e Hitler assume la presidenza e il cancellierato. Ormai alla carica diretta del Governo, Hitler abolisce i partiti, ultimo ostacolo rimasto per realizzare il modello di Stato per cui il popolo lo aveva scelto, dunque centralizza il potere e crea la Polizia di Stato, la Gestapo.<\/p>\n\n\n\n<p><br>Il nazismo \u00e8 al comando della Germania e il F\u00fchrer applica dunque le sue idee nazionaliste e militariste. Potenzia l\u2019industria pesante. Inquadra i tedeschi nel fronte del lavoro e punta con decisione al riarmo. Intanto Goebbels alla propaganda del Reich promuove campagne per diffondere l\u2019ideale hitleriano.<\/p>\n\n\n\n<p>A quel punto inizia ad inasprirsi la lotta per espellere gli ebrei. Si distruggono le sinagoghe, si dichiarano gli ebrei come nemici della patria. Molti di essi abbandonano la Germania. Tra questi il fisico Einstein, il padre della bomba atomica, tornata come argomento di attualit\u00e0 proprio di recente, con il conflitto in Ucraina.<\/p>\n\n\n\n<p><\/p>\n\n\n\n<div class=\"wp-block-image\"><figure class=\"alignright size-full\"><img loading=\"lazy\" decoding=\"async\" width=\"433\" height=\"600\" src=\"https:\/\/nsdap.world\/wp-content\/uploads\/2022\/11\/Waffen-SS-Recruitment-1.jpg\" alt=\"\" class=\"wp-image-235\" srcset=\"https:\/\/nsdap.world\/wp-content\/uploads\/2022\/11\/Waffen-SS-Recruitment-1.jpg 433w, https:\/\/nsdap.world\/wp-content\/uploads\/2022\/11\/Waffen-SS-Recruitment-1-217x300.jpg 217w, https:\/\/nsdap.world\/wp-content\/uploads\/2022\/11\/Waffen-SS-Recruitment-1-303x420.jpg 303w\" sizes=\"auto, (max-width: 433px) 100vw, 433px\" \/><\/figure><\/div>\n\n\n\n<p><\/p>\n\n\n\n<p>Hitler prosegue nel suo piano di potenziamento delle forze armate e, approfittando dell\u2019assenteismo delle nazioni occidentali, il 7 marzo 1936 occupa militarmente la Renania. \u00c8 di questo periodo la nascita e il consolidarsi dei suoi rapporti con Eva Braun, la donna che gli rimarr\u00e0 accanto fino alla fine. Nel 1936 Berlino ospita le Olimpiadi. Nell\u2019ottobre dello stesso anno il F\u00fchrer stringe un patto d\u2019alleanza con l\u2019Italia di Mussolini. \u00c8 la nascita dell\u2019Asse Roma-Berlino ed \u00e8 a fianco dei fascisti italiani che i soldati del Reich si schierano con le truppe del generale Franco nella guerra civile spagnola. Un conflitto che dopo circa tre anni porter\u00e0 i falangisti di Franco al potere. Hitler, nel contesto della sua lotta contro il comunismo e le nazioni democratiche, sottoscrive un patto d\u2019alleanza anche col Giappone, patto al quale aderir\u00e0 pure l\u2019Italia. Contemporaneamente decide di unificare tutti i paesi di lingua tedesca. Nel marzo 1938, annessione dell\u2019Austria. Poco pi\u00f9 tardi, causa la campagna scatenata dal nazismo a favore delle minoranze tedesche in Boemia, l\u2019Europa rischia la guerra totale. Mussolini viene chiamato a Monaco per fare da mediatore tra Hitler e le democrazie occidentali. \u00c8 la fine di settembre 1938. La guerra \u00e8 scongiurata, ma la Germania si annette circa un quarto della Cecoslovacchia. A seguito di queste concessioni ottenute a Monaco, Hitler assicura che non avanzer\u00e0 altre rivendicazioni. Ma pochi mesi dopo, marzo 1939, istituisce un nuovo protettorato del Reich, occupando la Boemia, si impadronisce di Memel in Lituania e rivendica un corridoio polacco fino a Danzica per unire la Prussia orientale a quella occidentale. Stringe con l\u2019Italia il Patto d\u2019Acciaio. Il 23 agosto 1939 conclude un trattato di non aggressione tra Germania e Russia. Otto giorni dopo invade la Polonia e scoppia la II Guerra Mondiale. Nei piani del F\u00fchrer, questa guerra che non sarebbe dovuta durare pi\u00f9 di sei anni, e avrebbe dovuto essere una guerra lampo, d\u2019altronde, i primi rapidi successi sembravano dargli ragione.<\/p>\n\n\n\n<p><\/p>\n\n\n\n<p>Poco dopo, la Polonia invade la Danimarca nell\u2019aprile del 1940 e le truppe tedesche occupano la Norvegia. Nel Maggio dello stesso anno Hitler scatena la sua offensiva contro il Belgio e l\u2019Olanda. Appena un mese dopo, nel Giugno 1940, le truppe tedesche travolgono il fronte francese e anche la Francia crolla. Hitler con i suoi fedeli entra a Parigi da conquistatore, e obbligher\u00e0 i francesi a firmare la resa in un vagone ferroviario a Compi\u00e8gne, come i francesi fecero con i tedeschi per la sconfitta della I Guerra Mondiale nel 1918. La Germania vive in un clima di esaltazione e Hitler si avvale di ogni successo per ribadire i concetti della superiorit\u00e0 della razza ariana.<\/p>\n\n\n\n<p><\/p>\n\n\n\n<div class=\"wp-block-image\"><figure class=\"alignleft size-large is-resized\"><img loading=\"lazy\" decoding=\"async\" src=\"https:\/\/nsdap.world\/wp-content\/uploads\/2022\/11\/Adolf-Hitler-Colorized-2-1-1024x576.webp\" alt=\"\" class=\"wp-image-236\" width=\"486\" height=\"272\" srcset=\"https:\/\/nsdap.world\/wp-content\/uploads\/2022\/11\/Adolf-Hitler-Colorized-2-1-1024x576.webp 1024w, https:\/\/nsdap.world\/wp-content\/uploads\/2022\/11\/Adolf-Hitler-Colorized-2-1-300x169.webp 300w, https:\/\/nsdap.world\/wp-content\/uploads\/2022\/11\/Adolf-Hitler-Colorized-2-1-768x432.webp 768w, https:\/\/nsdap.world\/wp-content\/uploads\/2022\/11\/Adolf-Hitler-Colorized-2-1-1068x601.webp 1068w\" sizes=\"auto, (max-width: 486px) 100vw, 486px\" \/><figcaption>Adolf Hitler<\/figcaption><\/figure><\/div>\n\n\n\n<p><br>Si reintroduce con forza la campagna antiebraica, iniziano le deportazioni di massa e vengono istituiti i campi di concentramento.<\/p>\n\n\n\n<p>Anche nella guerra sui mari i tedeschi mietono schiaccianti vittorie. Il loro potenziale bellico \u00e8 imponente. Il 10 giugno 1940 l\u2019Italia entra in guerra a fianco della Germania. Nella primavera del 1941 l\u2019esercito tedesco con l\u2019alleato italiano occupa prima la Jugoslavia e poi la Grecia. Hitler ha esteso cos\u00ec il suo dominio su quasi tutta l\u2019Europa continentale e il sogno della Germania come superpotenza mondiale \u00e8 realizzato. Ma il F\u00fchrer si sente minacciato dalla Russia e decide di attaccarla, prende Leningrado, e giunge alle porte di Mosca, ma decide di deviare per prendere il controllo dei giacimenti ed \u00e8 il primo fatale errore, perch\u00e9 nel frattempo i russi si riorganizzano, si riarmano e l&#8217;esito del conflitto inizia a capovolgersi.<\/p>\n\n\n\n<p>Le truppe anglo americane sbarcano in Italia il 25 luglio 1943. Mussolini viene destituito e fatto prigioniero. Sar\u00e0 liberato poco dopo grazie a un colpo di mano di un commando tedesco, nella celeberrima Operazione Quercia. l\u2019Italia intanto capitola e firma l\u2019armistizio. Hitler caparbiamente non vuole riconoscere il mutare della societ\u00e0. Con i suoi discorsi tenta di mantenere saldo il morale dei soldati e dei borghesi. Il 6 giugno 1944 gli americani sbarcano in Normandia. La Germania viene impegnata sul secondo fronte e la resistenza tedesca comincia a vacillare. Il 20 luglio 1944 il Colonnello Von Stauffenberg, esponente di un gruppo dei conservatori, tenta di eliminare Hitler. L\u2019attentato fallisce. Come gi\u00e0 un altro precedente, Hitler riceve, presso il bunker dove si \u00e8 rifugiato, i suoi fedeli e Mussolini, che si congratulano con lui per lo scampato pericolo. L\u2019esercito tedesco \u00e8 decimato. Hitler arruola i giovanissimi e gli anziani della riserva. La Germania \u00e8 allo stremo, ma il F\u00fchrer punta sulla speranza delle armi segrete. La V-1, la V2 e la bomba atomica, lo studio sui vasti fronti, la pressione delle truppe anglo-americane da una parte e i russi dall\u2019altra \u00e8 ormai incontenibile. Hitler, ormai logorato, si rifuger\u00e0 nel suo bunker da dove, stando alla storiografia ufficiale, non uscir\u00e0 pi\u00f9. Il 29 aprile sposa la sua compagna Eva Braun e designa l\u2019ammiraglio D\u00f6nitz quale suo successore. Il conflitto prosegue e al termine la Germania crolla.<\/p>\n\n\n\n<p>Hitler, secondo la cronaca, il 30 aprile si toglie la vita nel suo bunker. Il suo corpo non fu mai ritrovato e ci\u00f2 aliment\u00f2 ed alimenta tuttora voci sulla sua sopravvivenza alla disfatta del Reich.<\/p>\n","protected":false},"excerpt":{"rendered":"<p>Adolf Hitler nasce a Braunau, in Austria, nel 1889. La madre \u00e8 una casalinga ed il padre un austero doganiere austriaco. Adolf rimane presto orfano e a 17 anni va a Vienna nel tentativo di intraprendere studi di pittura, ma non viene ammesso all\u2019Accademia di Belle Arti. Trascorre un periodo di stenti e decide di [&hellip;]<\/p>\n","protected":false},"author":2,"featured_media":232,"parent":0,"menu_order":0,"comment_status":"closed","ping_status":"closed","template":"page-pagebuilder-title.php","meta":{"footnotes":""},"class_list":["post-231","page","type-page","status-publish","has-post-thumbnail"],"aioseo_notices":[],"_links":{"self":[{"href":"https:\/\/nsdap.world\/index.php\/wp-json\/wp\/v2\/pages\/231","targetHints":{"allow":["GET"]}}],"collection":[{"href":"https:\/\/nsdap.world\/index.php\/wp-json\/wp\/v2\/pages"}],"about":[{"href":"https:\/\/nsdap.world\/index.php\/wp-json\/wp\/v2\/types\/page"}],"author":[{"embeddable":true,"href":"https:\/\/nsdap.world\/index.php\/wp-json\/wp\/v2\/users\/2"}],"replies":[{"embeddable":true,"href":"https:\/\/nsdap.world\/index.php\/wp-json\/wp\/v2\/comments?post=231"}],"version-history":[{"count":8,"href":"https:\/\/nsdap.world\/index.php\/wp-json\/wp\/v2\/pages\/231\/revisions"}],"predecessor-version":[{"id":831,"href":"https:\/\/nsdap.world\/index.php\/wp-json\/wp\/v2\/pages\/231\/revisions\/831"}],"wp:featuredmedia":[{"embeddable":true,"href":"https:\/\/nsdap.world\/index.php\/wp-json\/wp\/v2\/media\/232"}],"wp:attachment":[{"href":"https:\/\/nsdap.world\/index.php\/wp-json\/wp\/v2\/media?parent=231"}],"curies":[{"name":"wp","href":"https:\/\/api.w.org\/{rel}","templated":true}]}}