{"id":726,"date":"2022-11-27T01:08:52","date_gmt":"2022-11-27T01:08:52","guid":{"rendered":"https:\/\/nsdap.world\/?page_id=726"},"modified":"2022-12-04T03:38:06","modified_gmt":"2022-12-04T02:38:06","slug":"la-questione-ebraica","status":"publish","type":"page","link":"https:\/\/nsdap.world\/index.php\/la-questione-ebraica\/","title":{"rendered":"La Questione Ebraica"},"content":{"rendered":"\n<p>Non si pu\u00f2 trattare la storia del Nazionalsocialismo senza approfondire il ruolo storico, sociale ed antropologico degli ebrei e in particolar modo della loro classe dirigente.<\/p>\n\n\n\n<p>Il popolo ebraico \u00e8 un popolo che di fatto ha sempre stentato ad integrarsi e stando alle cronache storiche, quando lo faceva, spesso e volentieri non avveniva secondo le regole, i costumi e le sensibilit\u00e0 locali, tanto che da tali persistenti comportamenti, nacque la figura leggendaria dell&#8217;Ebreo Errante.<\/p>\n\n\n\n<p>Appare coerente desumere, tuttavia, che non si possa addossare la colpa di questa difficile integrazione, al popolo ebraico nella sua interezza, ma al suo <em>establishment<\/em>, ovvero ai vertici sionisti della societ\u00e0 ebraica, che in realt\u00e0 vive vessata ancora oggi, dalla propria stessa classe dirigente, che si fa scudo con la propria gente, utilizzando il termine antisemitismo per condannare ogni contestazione rivolta alle loro azioni e non nei confronti del popolo ebraico in generale.<\/p>\n\n\n\n<p>Nella storia conosciuta, non mancano certo episodi controversi, estremi e circoscritti alle iniziative ed usanze promosse proprio dall&#8217;establishment sionista. Non a caso, statistiche formulate dagli stessi osservatori ebraici (che i sionisti ne abbiano istituiti gi\u00e0 la dice lunga), registrano che tra il 24% ed il 26% della popolazione mondiale nutre un forte pregiudizio verso gli ebrei e non vuole averci a che fare.<\/p>\n\n\n\n<p>Quanto meno, viene da domandarsi come sia possibile che sia l&#8217;unico popolo sul pianeta a suscitare tanta diffidenza e risentimento. Di certo tale pregiudizio \u00e8 sbagliato, se addossato ad un popolo intero, ma al contempo \u00e8 evidente che gli episodi e le strategie sociali controverse, siano da addebitare alla classe dirigente sionista.<\/p>\n\n\n\n<p>Attraverso un archivio imparziale, raccoglieremo in questa sezione tutta la documentazione possibile, nell&#8217;intento di comprendere perch\u00e9 Adolf Hitler ed il popolo tedesco volessero tanto pervicacemente allontanare gli ebrei dalla Germania. <\/p>\n\n\n\n<p><\/p>\n\n\n\n<p><\/p>\n\n\n\n<p class=\"has-text-align-center\"><strong>ARCHIVIO<\/strong><\/p>\n\n\n\n<p class=\"has-text-align-center\"><em>&#8211; <strong>GLI ASPETTI CONTROVERSI DELLA SOCIETA&#8217; EBRAICA<\/strong> &#8211; <\/em><\/p>\n\n\n\n<p><\/p>\n\n\n\n<p><\/p>\n\n\n\n<p>Rappresentazione del Sacrificio Rituale di un neonato, alla presenza del Primo Presidente di Israele.<\/p>\n\n\n\n<p>Era il 3 luglio 1933, quando oltre 100.000 ebrei si riunirono al Soldier Field di Chicago per celebrare 3.000 anni di storia e nazionalit\u00e0 ebraica, adorando una statua di Moloch sputafuoco e nutrendola con bambini che possiamo solo sperare non fossero reali.<\/p>\n\n\n\n<div class=\"wp-block-image is-style-default\"><figure class=\"alignleft size-large is-resized\"><img decoding=\"async\" src=\"https:\/\/nsdap.world\/wp-content\/uploads\/2022\/11\/Ebim1-819x1024.webp\" alt=\"\" class=\"wp-image-732\" width=\"-1040\" height=\"-1300\"\/><\/figure><\/div>\n\n\n\n<p>L&#8217;evento \u00e8 stato chiamato &#8220;The Romance of a People&#8221;. \u00c8 stato organizzato dall&#8217;Organizzazione Sionista d&#8217;America, sponsorizzato dall&#8217;Agenzia Ebraica per la Palestina, e prodotto da Meyer Weisgal, con l&#8217;aiuto del Rabbino Solomon Goldman e di Maurice Samuel, l&#8217;autore di &#8220;You Gentiles&#8221;. Uno dei grandi relatori dell&#8217;evento era nientemeno che Chaim Weismann, Primo Presidente di Israele e colui che insieme a Lionel Walter Rothschild ha scritto la Dichiarazione Balfour, che fu l&#8217;accordo che trascin\u00f2 gli Stati Uniti nella Prima Guerra Mondiale, in cambio del furto della Palestina da parte degli inglesi e della Turchia ottomana, per permettere agli ebrei di stabilirsi l\u00ec.<\/p>\n\n\n\n<figure class=\"wp-block-video alignright\"><video height=\"480\" style=\"aspect-ratio: 640 \/ 480;\" width=\"640\" controls src=\"https:\/\/nsdap.world\/wp-content\/uploads\/2022\/11\/p9l2.mp4\"><\/video><\/figure>\n\n\n\n<p>I rituali di adorazione di Moloch e di sacrificio di bambini dell&#8217;evento come espressione della storia ebraica confermano che gli ebrei moderni discendono effettivamente dai cananei, dagli ammoniti e da altre trib\u00f9 che la Bibbia ci dice che furono tagliate fuori da Dio per essersi mescolate e adorato i loro idoli (il loro dio del fuoco Moloch), offrendo loro i loro figli, cosa che, almeno ritualmente, fanno ancora oggi.<\/p>\n\n\n\n<p>La Bibbia ci dice che i discendenti di queste trib\u00f9 <strong>&#8220;non entreranno nella congregazione del SIGNORE; nemmeno alla loro decima generazione non entreranno per sempre nella congregazione del SIGNORE&#8221;<\/strong>, affermando che gli ebrei, secondo le scritture, non potrebbero essere salvati. Proprio come Ges\u00f9 avvert\u00ec, loro <strong>&#8220;dicono di essere ebrei, e non lo sono, ma sono la sinagoga di Satana&#8221;<\/strong> ed ecco la prova video di ci\u00f2. Da questo \u00e8 chiaro che anche Ges\u00f9 Cristo puntasse il dito contro l&#8217;<em>establishment<\/em> della comunit\u00e0 ebraica e non contro tutto il loro popolo. Nel Video e nelle immagini di sotto, questi ebrei sionisti adoravano il loro antico dio tribale e celebravano l&#8217;imminente guerra che avrebbe portato a un nuovo mondo con loro al vertice (l&#8217;evento ebbe luogo pochi mesi dopo la presa del potere da parte di Hitler).<\/p>\n\n\n\n<div class=\"wp-block-image is-style-default\"><figure class=\"alignleft size-large is-resized\"><img decoding=\"async\" src=\"https:\/\/nsdap.world\/wp-content\/uploads\/2022\/11\/Ebim2-819x1024.webp\" alt=\"\" class=\"wp-image-733\" width=\"-983\" height=\"-1229\"\/><\/figure><\/div>\n\n\n\n<p>Il filmato qui presente di certo la dice lunga sulle menti principali sionismo. Non sembra certo una celebrazione della morale o della virt\u00f9, costruire la statua di un toro con un forno nello stomaco, fargli sputare fuoco e buttarci dentro bambini (veri o finti) danzandoci intorno.<\/p>\n\n\n\n<figure class=\"wp-block-video aligncenter\"><video height=\"1350\" style=\"aspect-ratio: 1080 \/ 1350;\" width=\"1080\" controls src=\"https:\/\/nsdap.world\/wp-content\/uploads\/2022\/11\/p9l-1.mp4\"><\/video><\/figure>\n\n\n\n<p><strong>Fonte:<\/strong><\/p>\n\n\n\n<p><a href=\"https:\/\/floridanationalists.com\/2022\/09\/16\/video-150k-jews-gather-in-chicago-for-child-sacrifice-ritual-first-president-of-israel-in-attendance\/\">(VIDEO) 150K JEWS GATHER IN CHICAGO FOR CHILD SACRIFICE RITUAL \u2013 FIRST PRESIDENT OF ISRAEL IN ATTENDANCE \u2013 FLORIDA NATIONALISTS<\/a><\/p>\n\n\n\n<p><\/p>\n\n\n\n<p><\/p>\n\n\n\n<p class=\"has-text-align-center\"><strong>BLASFEMIA E IRONIA MACABRA CONTRO GESU&#8217; CRISTO<\/strong><\/p>\n\n\n\n<p><\/p>\n\n\n\n<p>Pu\u00f2 sembrare difficile, forse impossibile da credere, ma nella TV israeliana, ci sono programmi dove Ges\u00f9 Cristo viene vilipeso, deriso e dove si simula di torturarlo, mentre lo si definisce un &#8220;nazista nemico degli ebrei&#8221;.<\/p>\n\n\n\n<div class=\"wp-block-image is-style-default\"><figure class=\"aligncenter size-full\"><img loading=\"lazy\" decoding=\"async\" width=\"886\" height=\"638\" src=\"https:\/\/nsdap.world\/wp-content\/uploads\/2022\/11\/Israeli-TV-Video-2.jpg\" alt=\"\" class=\"wp-image-776\" srcset=\"https:\/\/nsdap.world\/wp-content\/uploads\/2022\/11\/Israeli-TV-Video-2.jpg 886w, https:\/\/nsdap.world\/wp-content\/uploads\/2022\/11\/Israeli-TV-Video-2-300x216.jpg 300w, https:\/\/nsdap.world\/wp-content\/uploads\/2022\/11\/Israeli-TV-Video-2-768x553.jpg 768w, https:\/\/nsdap.world\/wp-content\/uploads\/2022\/11\/Israeli-TV-Video-2-696x501.jpg 696w, https:\/\/nsdap.world\/wp-content\/uploads\/2022\/11\/Israeli-TV-Video-2-583x420.jpg 583w\" sizes=\"auto, (max-width: 886px) 100vw, 886px\" \/><\/figure><\/div>\n","protected":false},"excerpt":{"rendered":"<p>Non si pu\u00f2 trattare la storia del Nazionalsocialismo senza approfondire il ruolo storico, sociale ed antropologico degli ebrei e in particolar modo della loro classe dirigente. Il popolo ebraico \u00e8 un popolo che di fatto ha sempre stentato ad integrarsi e stando alle cronache storiche, quando lo faceva, spesso e volentieri non avveniva secondo le [&hellip;]<\/p>\n","protected":false},"author":2,"featured_media":0,"parent":0,"menu_order":0,"comment_status":"closed","ping_status":"closed","template":"page-pagebuilder-title.php","meta":{"footnotes":""},"class_list":["post-726","page","type-page","status-publish"],"aioseo_notices":[],"_links":{"self":[{"href":"https:\/\/nsdap.world\/index.php\/wp-json\/wp\/v2\/pages\/726","targetHints":{"allow":["GET"]}}],"collection":[{"href":"https:\/\/nsdap.world\/index.php\/wp-json\/wp\/v2\/pages"}],"about":[{"href":"https:\/\/nsdap.world\/index.php\/wp-json\/wp\/v2\/types\/page"}],"author":[{"embeddable":true,"href":"https:\/\/nsdap.world\/index.php\/wp-json\/wp\/v2\/users\/2"}],"replies":[{"embeddable":true,"href":"https:\/\/nsdap.world\/index.php\/wp-json\/wp\/v2\/comments?post=726"}],"version-history":[{"count":9,"href":"https:\/\/nsdap.world\/index.php\/wp-json\/wp\/v2\/pages\/726\/revisions"}],"predecessor-version":[{"id":844,"href":"https:\/\/nsdap.world\/index.php\/wp-json\/wp\/v2\/pages\/726\/revisions\/844"}],"wp:attachment":[{"href":"https:\/\/nsdap.world\/index.php\/wp-json\/wp\/v2\/media?parent=726"}],"curies":[{"name":"wp","href":"https:\/\/api.w.org\/{rel}","templated":true}]}}